he value of (2 + -3 - -4) + (-28 - -17)?
-8
What is the value of -10 - (-3 + 0 - -3)?
-10
4 - (-6 + (5 - -2 - 2))
5
What is the value of 5 + (-2 - (1 + -1))?
3
0 - 2 - (-3 + 6)
-5
Calculate 6 - (6 + (-5 - 0)).
5
Calculate -1 + 9 + -17 - -3.
-6
Calculate -4 - 0 - (-7 - -5 - -4).
-6
(7 - 8) + 2 + (-4 - -1)
-2
(1 - (3 + -1)) + 0 - -1
0
Calculate -2 - 2 - (2 + -3 + 1).
-4
Calculate 1 - (4 - (-3 - -3)).
-3
-13 - (-9 + -10 + 11)
-5
Calculate 3 - (3 + -4 + 4).
0
1 - (-1 - -2 - 5) - 2
3
What is the value of -1 + 3 - 6 - -9?
5
What is the value of -11 + 8 - -1 - -5 - 10?
-7
What is -7 + 9 + (2 - (1 + -2))?
5
What is the value of 8 - 0 - (4 + -19 + 16)?
7
Evaluate (7 - 12) + -3 + 16.
8
Calculate -7 + 1 + 5 + -1.
-2
What is the value of 0 + -6 + 8 + -4?
-2
(6 - 1 - 3) + -11 + 14
5
Calculate -28 + 28 - (-2 + (0 - 1)).
3
-3 + (4 + -3 - (-1 - 1))
0
What is (3 - (-2 - -4)) + -4?
-3
Calculate (17 - 10) + (-17 - -9).
-1
Calculate -8 + 0 - -3 - 0.
-5
What is (-1 - (3 - 1)) + 2?
-1
What is -6 + 0 + 11 + -4 + 1?
2
What is (-1 - 6) + 8 + 5 + -7?
-1
3 + (-6 - -2) - (2 + 1)
-4
Calculate (-6 - -2) + (0 - 2) + 1.
-5
What is the value of 1 + 4 + -18 - -14?
1
What is the value of -8 + -2 + (10 - 3) - -1?
-2
-4 + (-6 - (-1 - 5))
-4
(2 - 2) + 0 + -3
-3
Evaluate -21 + 21 + 0 + -4.
-4
8 + -5 - 5 - 0 - 3
-5
Calculate -3 + 0 - (-5 - 2).
4
What is the value of (-4 - (-2 + 13)) + (8 - 1)?
-8
What is -4 + 0 + (15 - 16)?
-5
Calculate -5 - (0 + -4 - (-15 + 13)).
-3
Calculate 1 + 8 - (-5 - (-11 + 3)).
6
What is 3 + 5 + (-1 - 3)?
4
-4 - -1 - (-6 - (13 + -14))
2
Evaluate 2 - (-2 + 0) - (6 - 6).
4
Evaluate (-7 - (-3 + -1)) + 5.
2
What is the value of (-9 - (-10 - -1)) + 1?
1
Evaluate 4 - (7 - (5 + -4)).
-2
What is 4 - (3 + (-4 - -4))?
1
Calculate (7 - 1) + (-37 - -31) - -1.
1
-11 - (-20 - (5 - 12))
2
4 + 0 + (-2 + 3 - 2)
3
Evaluate (-10 + 1 - (-27 + 22)) + 5.
1
(4 - 1 - 5) + (2 - 2)
-2
0 - 1 - (-5 + 3 - 1)
2
What is the value of -8 + 18 - (1 + 7)?
2
2 + (0 - 1 - (-3 + -1))
5
Evaluate -6 + 12 - 8 - 2.
-4
What is the value of 4 + -5 + 6 + -11 + -1?
-7
What is 2 - (0 - -4) - 3?
-5
Calculate (-2 - 0) + 4 + (7 - 10).
-1
What is (-3 - ((3 - 7) + 3)) + 3?
1
Evaluate (2 - (-6 + 9 + 5)) + 13.
7
What is 35 + -41 - (1 + (-8 - -2))?
-1
Calculate (-8 - -10) + (3 + 0 - -1).
6
What is the value of 5 - ((3 - 1) + -1 + -1)?
5
Evaluate 111 + -115 - (1 - 0 - 10).
5
1 - (-11 - (-7 - -4))
9
What is the value of (-33 - -25) + (2 - (0 + -1))?
-5
Calculate 7 + -5 + 4 + -5.
1
What is (3 - 10 - 4) + 4?
-7
What is the value of 2 + -2 - (4 - 7) - 8?
-5
What is the value of (0 - 0 - -2) + 1?
3
What is (-7 - (-13 + 6)) + 2?
2
What is -9 + (-3 + 0 - (-7 + 1))?
-6
What is the value of -78 + 66 - (-1 - 10)?
-1
What is 1 - ((-1 - -3) + 0 + 0)?
-1
Evaluate -4 + 6 + -6 - -2.
-2
Calculate 2 + -1 - (-2 - (0 - 3)).
0
Evaluate (-1 - (1 - 9)) + (-73 - -65).
-1
3 + -6 - (1 + -6)
2
What is the value of (-1 - -9) + -20 + 6?
-6
What is (12 - 11) + -6 + 1?
-4
11 + 10 + -25 - (0 + -4)
0
Calculate (0 + -1 - -4) + 2.
5
What is the value of -4 - (-6 + -2 + 2)?
2
What is 1 + 11 + (-2 - 5) + -13?
-8
Evaluate (-7 - -16) + (-6 - 1).
2
Evaluate -1 + (1 - -2) + 15 + -14.
3
Calculate -4 + (2 - -2 - 4) + 3.
-1
What is (-1 - -3) + -5 + -1 + 0?
-4
Evaluate 3 + (8 - 5) + (-1 - 0).
5
What is 2 + (0 + 2 - 0)?
4
Calculate -1 + (4 - 7 - 1).
-5
Calculate -7 + 7 - (2 + 2).
-4
2 + 1 + (-21 - -17) + -4
-5
What is -3 + (15 - 8) + 3 + -1?
6
Evaluate -5 + 2 + (3 - 3) + -1.
-4
What is -22 + 1 - -8 - (-2 + -3)?
-8
Calculate -5 + 10 + -3 + -5.
-3
What is the value of -3 + (16 - (1 + 6))?
6
3 - (-5 + (1 - -7) - 8)
8
Evaluate 2 + -12 + (24 - 16).
-2
What is the value of 5 + (5 - 4) - (2 - 1)?
5
What is the value of 3 - (1 + 3) - -3?
2
What is 6 + -8 + 2 + 6?
6
What is -2 + (2 - (-3 - (-2 - 1)))?
0
-3 - -3 - (-2 - -1 - 2)
3
What is the value of (-43 - -39) + -1 + 2?
-3
Evaluate -3 + 3 - -9 - 4.
5
Calculate -9 + -6 - -21 - (-2 + 17).
-9
What is 4 + 0 - (18 + -13) - -5?
4
What is -8 - (-13 + 7 + 4 + 0)?
-6
-13 - -8 - -7 - (1 - 1)
2
-8 + -4 + -3 + (17 - -4)
6
What is (4 - (-5 - -6)) + -7?
-4
-16 - -16 - (-1 + -3 + 1)
3
Evaluate -3 + 2 - (1 + -9) - 3.
4
Calculate (-1 - 5) + 5 + 0.
-1
1 - ((1 - 1) + 7)
-6
What is the value of 0 - ((-9 - -8) + -7)?
8
What is the value of 11 - (0 + (11 - 4))?
4
Calculate (-3 + 7 - 5) + 3 - 6.
-4
-2 + 14 - ((13 - 3) + -7)
9
What is 10 + -16 - (3 + -7)?
-2
Evaluate -2 - ((-2 - -6) + -2 + 1).
-5
Evaluate -11 - (-6 - -3) - (-2 - 2).
-4
What is the value of -6 + (-12 - 1 - -7) - -6?
-6
Calculate 4 + 2 - ((-4 - -4) + 4).
2
What is the value of -6 + (-2 - (-19 - -7 - 4))?
8
8 + -8 - (-9 + 7)
2
Calculate (-6 - -4) + 4 - (-10 + 5).
7
What is the value of -6 - (4 + -12 + 5 + 0)?
-3
Calculate (-6 - -3) + -1 + 3.
-1
What is the value of (1 - 1 - -1) + -3?
-2
(8 - 2 - 2) + -4
0
-1 + (-4 - -2 - -2)
-1
Evaluate 0 - (-3 - (-2 - 0)).
1
What is -4 + -2 - 2 - -8?
0
Evaluate -26 - -16 - (-3 - 1 - 1).
-5
What is -5 + 6 + 0 + -5?
-4
Evaluate 0 - -1 - (-6 + 2 - 0).
5
Calculate -4 + 8 + -9 + -4 + 4.
-5
-7 + (0 - -12) - 2
3
Calculate -3 + 5 - ((5 - 0) + 1).
-4
2 - (-6 + 5 + (0 - -8))
-5
What is the value of -6 - ((-3 - -5) + -4)?
-4
What is the value of (-1 - (-1 - 4)) + -22 + 13?
-5
What is -7 + (-8 - -2) + 10?
-3
Calculate (2 - (-1 + -3)) + -1.
5
What is the value of 0 - 0 - (4 + 0)?
-4
Calculate 11 + 16 + -13 + -11.
3
What is the value of -82 + 91 - (0 + 10)?
-1
What is -1 - 5 - (5 + -2) - -4?
-5
What is 2 - -2 - ((-5 - -6) + 9)?
-6
Evaluate (-2 - (-3 - -6) - -8) + 5.
8
What is the value of -11 + 1 - (1 + -12)?
1
Evaluate (9 + -3 - 2) + -6 + 1.
-1
-10 + -4 + 5 + 10
1
What is 3 - (-8 + 14) - (0 - 1)?
-2
-3 - (-8 - (-5 - -3 - 1))
2
Calculate (14 - (5 - -4)) + 4.
9
Evaluate -2 + -2 + 5 + 3.
4
(-2 - (-2 - 3)) + (-2 - 5)
-4
What is -1 + (-1 - 1) - (7 + -5)?
-5
Calculate -1 + -6 - (25 + -33).
1
What is 2 + (2 + -4 - 1)?
-1
What is the value of -3 - (0 - 0) - 1?
-4
Evaluate -1 - (-3 + (1 - -1)).
0
Calculate 2 + -9 + (-2 - -3).
-6
What is 0 + (-5 - -1 - (-14 + 8))?
2
What is the value of 4 - ((-1 - -11) + -8)?
2
What is the value of (2 - -1 - (-2 - -6)) + 0?
-1
Evaluate 0 + -3 + 1 + 0.
-2
What is (-2 - (3 - 2)) + 4 + -3?
-2
What is the value of (-9 - (-6 - 1)) + -2?
-4
Evaluate -7 - -13 - 8 - -5.
3
What is 36 + -30 - (2 - -8)?
-4
Evaluate -1 - -1 - (19 - 26).
7
5 + 0 - (2 - -2) - 0
1
-7 - ((-1 - 4) + (2 - 0))
-4
What is (-69 - -70) + 0 + -1 + -6?
-6
(0 - 4) + 0 + 6 - -5
7
What is the value of 1 + 1 - (17 - (-10 - -25))?
0
Evaluate 10 + -4 - (15 + 1 + -3).
-7
Calculate 4 + -2 + 1 - (7 - 5).
1
What is the value of -3 - (-4 + 3 + -3)?
1
What is the value of 8 - 5 - (6 + -2)?
-1
Evaluate -4 - (-2 + -3 - 2).
3
-22 + 14 + (-5 - -5)
-8
What is -4 + 7 + 2 + -7?
-2
What is (-1 + 0 - (-1 - 1)) + 4?
5
Calculate -2 + 2 + -1 + (-28 - -27).
-2
What is (5 - (-3 + 6)) + -9 + 2?
-5
Evaluate -1 + -8 + 2 + 6.
-1
(5 + -5 - -2) + 10 - 4
8
What is 3 - (16 + -14) - 4?
-3
Evaluate -2 + 3 + 2 + -1.
2
What is the value of 0 + (-2 - -3) + 8?
9
Calculate -12 - (-1 - (5 - -2) - -7).
-11
-2 + (0 - 3 - -9)
4
Evaluate 3 + -6 - (1 - 3).
-1
Calculate -5 - (3 + -6 + 2).
-4
Evaluate -2 + 1 + (5 - (13 + -6)).
-3
What is -4 - (6 - 9 - -2)?
-3
What is 7 + -3 + -6 + 6 + -11?
-7
-20 + 14 + 6 + -10
-10
(-9 - -10) + 4 + -9 + 4
0
What is (1 + -2 - 1) + (0 - 4)?
-6
7 + (3 + 0 - 4 - 3)
3
Calculate 5 + (4 - 3) + -13 - -14.
7
What is the value of -1 + -1 + -2 + (33 - 34)?
-5
Evaluate 4 + (-7 + 1 - -2) - -1.
1
Calculate -6 - ((-4 - 4) + (2 - -2)).
-2
Evaluate -4 + (6 + -10 - -3).
-5
Calculate 0 + -9 - (-13 - (-22 + 13)).
-5
Evaluate (0 - -6) + 0 + 0 + -12.
-6
What is the value of (-6 + 8 - (-4 + 1)) + -3?
2
What is the value of 3 - (4 + -5 + 2) - 0?
2
18 + -19 + 10 + -2
7
Evaluate 9 - 2 - -2 - (15 - 8).
2
Evaluate -11 + -9 + (3 - -12).
-5
Evaluate (-12 - (-7 + 11 + -11)) + -4.
-9
-2 - (6 - (0 - (2 + -5)))
-5
Calculate -4 + 12 + (14 + -5 - 26).
-9
What is the value of 3 - (-1 + -1 + (1 - -5))?
-1
What is the value of -4 + 0 + 5 + 1 + -4?
-2
Calculate (4 - (-2 + 0)) + (18 - 17).
7
Evaluate 1 - (3 - 4 - (-1 + -2)).
-1
-4 - 0 - (-13 - -11)
-2
Evaluate (12 - 19) + (-2 + 0 - -3).
-6
Calculate (1 - (8 - (0 - -2))) + -1.
-6
(-4 - -1) + -2 - (-76 + 72)
-1
Calculate -5 + 2 - (-2 + -6).
5
What is the value of 3 - (7 +